 709
List the prime factors of 8890534.
2, 4445267
List the prime factors of 90412.
2, 7, 3229
List the prime factors of 1216670.
2, 5, 7, 13, 191
What are the prime factors of 1989596?
2, 7, 10151
List the prime factors of 222362.
2, 7, 2269
What are the prime factors of 10887?
3, 19, 191
List the prime factors of 1052392.
2, 11, 11959
What are the prime factors of 936450?
2, 3, 5, 2081
What are the prime factors of 2082329?
269, 7741
What are the prime factors of 13662944?
2, 29, 14723
What are the prime factors of 18997114?
2, 103, 92219
List the prime factors of 789236.
2, 7, 71, 397
List the prime factors of 323664.
2, 3, 11, 613
What are the prime factors of 532347?
3, 61, 2909
List the prime factors of 3180627.
3, 4363
What are the prime factors of 939963?
3, 313321
What are the prime factors of 6932064?
2, 3, 163, 443
What are the prime factors of 21101113?
11, 1918283
List the prime factors of 11851526.
2, 467, 12689
What are the prime factors of 15948905?
5, 7, 455683
List the prime factors of 1701763.
7, 243109
List the prime factors of 766922.
2, 13, 2269
What are the prime factors of 6026384?
2, 7, 13, 4139
What are the prime factors of 59004?
2, 3, 11, 149
List the prime factors of 217046.
2, 47, 2309
List the prime factors of 45805.
5, 9161
List the prime factors of 3306670.
2, 5, 17, 53, 367
List the prime factors of 235801.
37, 6373
What are the prime factors of 1654322?
2, 827161
What are the prime factors of 2659298?
2, 79, 16831
What are the prime factors of 842109?
3, 280703
List the prime factors of 64515.
3, 5, 11, 17, 23
What are the prime factors of 6066195?
3, 5, 17, 23789
List the prime factors of 7935645.
3, 5, 529043
List the prime factors of 13512344.
2, 19, 88897
List the prime factors of 233909.
13, 19, 947
What are the prime factors of 2330241?
3, 17, 45691
What are the prime factors of 1959139?
7, 13, 21529
What are the prime factors of 8139205?
5, 31, 52511
List the prime factors of 1366098.
2, 3, 223, 1021
What are the prime factors of 2293664?
2, 229, 313
What are the prime factors of 1759545?
3, 5, 61, 641
What are the prime factors of 1734398?
2, 463, 1873
What are the prime factors of 923145?
3, 5, 61543
List the prime factors of 421614.
2, 3, 59, 397
List the prime factors of 2112748.
2, 11, 48017
List the prime factors of 7733712.
2, 3, 7, 23017
List the prime factors of 2319640.
2, 5, 57991
List the prime factors of 36132.
2, 3, 3011
What are the prime factors of 1833078?
2, 3, 13, 71, 331
What are the prime factors of 136526?
2, 13, 59, 89
What are the prime factors of 115321?
115321
List the prime factors of 310471.
7, 17, 2609
What are the prime factors of 137022?
2, 3, 41, 557
List the prime factors of 1256555.
5, 17, 14783
List the prime factors of 24866324.
2, 7, 293, 433
What are the prime factors of 9504015?
3, 5, 59, 10739
What are the prime factors of 65249?
71, 919
List the prime factors of 210546.
2, 3, 7, 557
What are the prime factors of 1945889?
11, 176899
List the prime factors of 1045439.
173, 6043
What are the prime factors of 17706303?
3, 157, 4177
What are the prime factors of 2324110?
2, 5, 232411
What are the prime factors of 229611?
3, 76537
What are the prime factors of 3278839?
31, 105769
List the prime factors of 34029574.
2, 463, 36749
List the prime factors of 21014526.
2, 3, 13, 419, 643
List the prime factors of 5932993.
11, 49033
List the prime factors of 40845465.
3, 5, 100853
What are the prime factors of 2594327?
2594327
What are the prime factors of 828811?
828811
List the prime factors of 1768276.
2, 442069
List the prime factors of 1890348.
2, 3, 19, 8291
What are the prime factors of 5451612?
2, 3, 149, 3049
What are the prime factors of 1552612?
2, 131, 2963
What are the prime factors of 62440?
2, 5, 7, 223
List the prime factors of 174215.
5, 34843
List the prime factors of 11717762.
2, 7, 119569
List the prime factors of 1056576.
2, 3, 5503
What are the prime factors of 7504180?
2, 5, 375209
What are the prime factors of 1446245?
5, 289249
List the prime factors of 2620500.
2, 3, 5, 1747
What are the prime factors of 2083791?
3, 694597
What are the prime factors of 82653?
3, 27551
What are the prime factors of 258126?
2, 3, 11, 3911
List the prime factors of 211855.
5, 7, 6053
List the prime factors of 27619717.
43, 139, 4621
List the prime factors of 397648.
2, 29, 857
List the prime factors of 13019912.
2, 1627489
What are the prime factors of 12991304?
2, 29, 55997
List the prime factors of 130911.
3, 11, 3967
List the prime factors of 799991.
799991
What are the prime factors of 45777?
3, 15259
List the prime factors of 645029.
7, 11, 8377
List the prime factors of 2437381.
2437381
List the prime factors of 1353161.
19, 229, 311
What are the prime factors of 126920?
2, 5, 19, 167
What are the prime factors of 984189?
3, 328063
List the prime factors of 4062583.
7, 89, 6521
What are the prime factors of 114101?
13, 67, 131
List the prime factors of 5536783.
7, 790969
What are the prime factors of 2196194?
2, 7, 11, 13, 1097
List the prime factors of 1393453.
1393453
List the prime factors of 256547.
17, 15091
List the prime factors of 1470079.
13, 113083
List the prime factors of 9575641.
17, 59, 9547
What are the prime factors of 3001927?
3001927
What are the prime factors of 2241051?
3, 23, 32479
List the prime factors of 23796320.
2, 5, 148727
What are the prime factors of 1063077?
3, 109, 3251
List the prime factors of 154714.
2, 7, 43, 257
List the prime factors of 1769884.
2, 421, 1051
What are the prime factors of 6285254?
2, 3142627
What are the prime factors of 2232545?
5, 7, 227, 281
List the prime factors of 6635112.
2, 3, 11, 41, 613
List the prime factors of 1431307.
1431307
List the prime factors of 488269.
41, 11909
What are the prime factors of 4049355?
3, 5, 113, 2389
What are the prime factors of 13893626?
2, 6946813
What are the prime factors of 538618?
2, 43, 6263
List the prime factors of 856031.
11, 59, 1319
What are the prime factors of 285522?
2, 3, 23, 2069
What are the prime factors of 1124198?
2, 541, 1039
List the prime factors of 141683.
19, 7457
List the prime factors of 1704349.
31, 54979
What are the prime factors of 7492128?
2, 3, 7, 11149
What are the prime factors of 930553?
13, 47, 1523
List the prime factors of 7692119.
7692119
What are the prime factors of 3810663?
3, 23, 41, 449
What are the prime factors of 180844?
2, 29, 1559
What are the prime factors of 410329?
17, 24137
What are the prime factors of 106341?
3, 35447
What are the prime factors of 669461?
13, 23, 2239
List the prime factors of 18829350.
2, 3, 5, 41843
What are the prime factors of 9209510?
2, 5, 920951
What are the prime factors of 6073894?
2, 89, 34123
List the prime factors of 6472680.
2, 3, 5, 53939
List the prime factors of 343797.
3, 114599
List the prime factors of 19171.
19, 1009
What are the prime factors of 2114002?
2, 11, 307, 313
List the prime factors of 4656771.
3, 7, 43, 191
List the prime factors of 501081.
3, 7, 107, 223
What are the prime factors of 11918287?
11918287
What are the prime factors of 4553675?
5, 7, 26021
What are the prime factors of 384118?
2, 7, 27437
What are the prime factors of 508247?
419, 1213
List the prime factors of 140212.
2, 35053
What are the prime factors of 1294897?
47, 27551
List the prime factors of 314183.
41, 79, 97
List the prime factors of 28060771.
28060771
What are the prime factors of 181555?
5, 11, 3301
What are the prime factors of 7947216?
2, 3, 229, 241
What are the prime factors of 1337621?
1337621
List the prime factors of 91811.
91811
List the prime factors of 98515.
5, 17, 19, 61
List the prime factors of 2662567.
2662567
List the prime factors of 2671939.
2671939
List the prime factors of 21463700.
2, 5, 37, 5801
What are the prime factors of 5957054?
2, 41, 72647
What are the prime factors of 789823?
789823
List the prime factors of 35196503.
35196503
List the prime factors of 3101515.
5, 620303
List the prime factors of 540829.
37, 47, 311
List the prime factors of 205614.
2, 3, 11423
What are the prime factors of 106349?
106349
What are the prime factors of 379414?
2, 7, 41, 661
What are the prime factors of 43901?
11, 13, 307
What are the prime factors of 224846?
2, 19, 61, 97
W